 y = -u + 2*u. What is the greatest common divisor of u and c?
10
Let q(m) = -m**3 - m + 20. Let l be q(0). Let d be (-400)/12*(-6)/4. Calculate the highest common factor of l and d.
10
Let r = 904 - 1414. Let c be r/(-10)*1/3. What is the highest common divisor of c and 136?
17
Let u(t) = 2*t**2 - t**3 - 3 + 0*t**3 + 0*t**2 + 5*t. Let x be u(3). Let n = 7 - 6. What is the greatest common divisor of x and n?
1
Suppose 3*w - 5*s + 103 = 0, -w - 2*s = -s + 29. Let m = 19 - w. Calculate the highest common divisor of m and 10.
10
Let g be (-39)/(-18) - 2/12. Suppose -5*i = 3*n + 5 + g, 0 = 2*i + 5*n + 18. What is the highest common factor of 8 and i?
1
Let p(t) = 7*t**3 + 3*t**2 + 4. Let c be p(3). What is the highest common divisor of 20 and c?
20
Let z(k) = 17*k**2 + 4*k - 4. Let r be z(-4). What is the greatest common divisor of 28 and r?
28
Suppose 0 = -2*w + 5*w. Let y = -1 + w. Let b be y/(1*1/(-24)). Calculate the highest common divisor of b and 3.
3
Let x be 2*((-4)/(-18))/((-8)/(-72)). What is the highest common factor of x and 20?
4
Let f(w) be the first derivative of w**3/3 + w**2 + 4*w - 3. Let m be f(5). Calculate the greatest common divisor of 13 and m.
13
Let z be 8/36 - (-808)/9. Suppose 3*v = 2*v + z. Let x = 78 - 42. Calculate the highest common factor of x and v.
18
Let t be 1/(2/8) + -31 + 33. Let u(w) = 8*w + 3. Let g be u(5). Let l = -25 + g. Calculate the greatest common factor of l and t.
6
Suppose -4*y = -3*y - 35. Suppose 0 = -2*l - 3*l + y. Suppose 2*b - 7*b - 1 = -3*n, b = 2*n - 10. What is the greatest common factor of n and l?
7
Let n = 28 + -6. Suppose 4*m - n = 2. Let q be 82/5 + m/(-15). What is the greatest common divisor of 176 and q?
16
Let a = 1 + 3. Suppose -a*b + 29 = -99. Calculate the greatest common divisor of 8 and b.
8
Suppose 0 = -2*q + 5*q - 42. Let l(m) = m**3 - 4*m**2 - m - 14. Let c be l(7). Calculate the highest common divisor of q and c.
14
Let a(q) = -17*q + 1. Let b be a(-2). Let n(k) = 2*k**2 - 5*k - 26. Let m be n(-3). What is the highest common factor of b and m?
7
Suppose 0 = 3*f - 9*f + 96. Calculate the greatest common factor of f and 4.
4
Let u = 14 + 6. Let c(p) = 9*p**2 - 2*p. Let j be c(-2). Suppose 5*b - j = 5*l, 2*b + l = -l + 24. What is the greatest common factor of u and b?
10
Let l be (-1 + 13)*(-1)/(-1). Let y = 21 - l. What is the highest common factor of y and 36?
9
Suppose 0*x = -2*x + 3*l + 48, 3*x - 2*l = 62. Calculate the greatest common divisor of x and 9.
9
Let u be 66/(-54) - -1 - 1084/(-18). What is the highest common factor of u and 24?
12
Let n = -5 + -3. Let p = n - -16. What is the highest common divisor of p and 56?
8
Let i(h) = -2*h**3 - 6*h**2 + 6*h - 1. Suppose 0*s = -3*t - 3*s - 18, 4*s + 4 = 0. Let d be i(t). What is the greatest common factor of 23 and d?
23
Let n be (12/(-10))/((-9)/30). Suppose -x + 220 = n*x. Let m be 6 + (-1 - (1 - 0)). Calculate the greatest common divisor of x and m.
4
Let l = -14 - -32. Suppose -j + 2016 = 3*j. Suppose 0 = 2*s + 2*s - j. What is the greatest common divisor of s and l?
18
Suppose -2*j - 45 = -11*j. Suppose -2*z + 60 = 3*z. Suppose 4*t + 0*g + z = j*g, -3*t + g = -2. Calculate the highest common factor of t and 5.
1
Suppose 5 = 5*y + 5*m, -2*y + 5*y - 3*m + 3 = 0. Suppose 0*v + d + 11 = v, -4*v + 5*d + 48 = y. Calculate the greatest common divisor of v and 7.
7
Let m be ((-24)/9)/(1/12). Let n = -11 - m. Suppose -4*z + 2 = -26. Calculate the greatest common divisor of n and z.
7
Let t be (-1)/(-1)*(1 + 4). Suppose 0 = t*c - 3*j - 240, -5*c - 5*j = -108 - 92. Calculate the greatest common divisor of 18 and c.
9
Suppose -2*v = v - 4*u - 69, 0 = -v + 2*u + 21. Calculate the greatest common divisor of v and 18.
9
Let v = 65 - 56. Calculate the greatest common divisor of 36 and v.
9
Let u(r) = 13*r**2 + r - 1. Let c be u(-3). Suppose -c - 55 = -3*z. Calculate the greatest common factor of z and 14.
14
Let u(o) be the first derivative of -o**4/4 + o**2 - o + 1. Let y = -2 - 0. Let f be u(y). Calculate the highest common factor of f and 18.
3
Let o = 37 - 13. What is the greatest common factor of 8 and o?
8
Let l(j) = 3*j**2 - 2*j - 4. Let m(x) = -2 - 4 - 3 - 4*x + 6*x**2. Let p(s) = 13*l(s) - 6*m(s). Let k be p(4). What is the highest common divisor of 105 and k?
21
Suppose 4*n + 4*p = -n + 85, -100 = -5*n - p. Suppose 0 = 10*x - 12*x. Let l be (1 + 13)/(2 + x). What is the highest common divisor of n and l?
7
Let a be 2/((-2)/(-5)) - -5. What is the greatest common divisor of 230 and a?
10
Let l(v) = v**2 + v + 3. Let q(c) = c - 4. Let w be q(-3). Let a be l(w). Suppose 0 = m + m - 10. What is the greatest common factor of m and a?
5
Suppose 0 = -5*v + 5*s + 50, -s - 2 = 3. Calculate the greatest common factor of v and 2.
1
Let m = 85 + -57. Let z(v) = -4*v**2 - 3*v**2 + v + 3*v**3 + 7 - 2*v**3. Let x be z(7). Calculate the greatest common factor of m and x.
14
Let c be (-20)/(2 - -2)*6*-1. Suppose 4*r = -38 + 14. Let x be (1 - 4/r)*9. What is the greatest common factor of c and x?
15
Let f be ((-520)/15)/(1/(-3)). Suppose 4*g = 4*p - f, 5*g - 4 = 6. Let s = 27 + -13. What is the greatest common factor of s and p?
14
Let n = 3 - -6. What is the highest common divisor of 9 and n?
9
Let u be (0 - 1) + (-3 - -6). Let x be (5/(-15))/(u/(-24)). Suppose x*i + 5 = -5*b, 16 = -3*b + 1. Calculate the highest common factor of i and 15.
5
Suppose 4*k - 17 = -1, -3*k + 14 = s. Suppose -7*g - 10 = -s*p - 3*g, -19 = p + 4*g. Let i be 13/(2/(-6)*p). Calculate the highest common factor of 39 and i.
13
Let j(c) = c**2 - c + 168. Let z be j(0). Calculate the highest common factor of z and 21.
21
Let r = 95 + -51. Suppose -6*f - r = -7*f. Calculate the greatest common factor of 66 and f.
22
Let x(w) = -w + 2. Let h be x(-4). Let a be (-44)/h*135/(-6). Calculate the highest common divisor of 15 and a.
15
Let s(d) = 2*d**2 + 33*d - 12. Let g be s(-17). Calculate the greatest common factor of 35 and g.
5
Let m(a) = a**3 - 4*a**2 + 3*a + 4. Let f be m(3). Calculate the greatest common divisor of f and 44.
4
Let f(u) = 6 - 2*u - 4 + 3*u. Let o be f(-2). Let j = o - -2. Calculate the highest common divisor of j and 1.
1
Suppose 0 = -5*j + 7*j - 50. Let q = 9 + j. What is the greatest common divisor of 51 and q?
17
Let n be 2 + -1 - 136/(-8). Calculate the highest common factor of n and 9.
9
Let y(p) = 5*p - 13. Let u be y(7). Suppose z - 25 = -3. What is the greatest common factor of z and u?
22
Let m = 104 + -64. Calculate the greatest common factor of m and 5.
5
Let n(c) = c**3 + 11*c**2 + 12*c - 6. Let x be n(-8). What is the highest common factor of x and 10?
10
Suppose -3*y - 5*h - 15 = 2*y, -y = -3*h - 1. Let u be (1 + 5/y)*-32. What is the greatest common divisor of 12 and u?
12
Suppose -3*j + a + 45 = -2*a, j - 5*a = 27. Suppose -4*w + 34 + 218 = -4*o, -319 = -5*w + o. Let d = 148 - w. Calculate the greatest common factor of d and j.
12
Let i(q) = 3*q**2 - 3*q + 3. Let a be i(4). Calculate the greatest common factor of 3 and a.
3
Let t = -16 - -46. Calculate the highest common divisor of 15 and t.
15
Let s(m) = -2*m - 1. Let w be s(-1). Let y(v) = v + v - 4*v**2 - w + 3*v - v**3 - 7*v. Let z be y(-4). What is the highest common divisor of 56 and z?
7
Let t = 11 - -1. Calculate the highest common factor of t and 4.
4
Let d = 209 + -83. What is the greatest common factor of 14 and d?
14
Let p(c) = 3*c - 6. Let l be p(-5). Let h = l - -29. Suppose -6*d + 334 = 94. What is the greatest common divisor of h and d?
8
Suppose 32 = 3*h - 130. Let f be -6*(-6 + 3)*1. Calculate the greatest common divisor of h and f.
18
Let f = 6 + 11. Calculate the greatest common factor of 51 and f.
17
Suppose -100 - 68 = -2*h. Calculate the highest common divisor of h and 12.
12
Suppose -5*v = 3*f - 234, 5*v = v - 5*f + 182. Calculate the greatest common factor of v and 12.
12
Let u(q) = q**3 - 5*q**2 - q + 14. Let i be u(6). What is the greatest common divisor of 4 and i?
4
Let o(v) = v**2 - 3*v - 12. Let u be o(7). Calculate the greatest common factor of 80 and u.
16
Let p(c) = -36*c. Let l = -6 - -5. Let x be p(l). What is the highest common factor of 4 and x?
4
Let q be (-2)/6*(3 - 87). Calculate the highest common factor of 280 and q.
28
Let o = -1 - -1. S